mmon divisor of 25783 and 323?
19
What is the greatest common factor of 437 and 10564?
19
What is the greatest common divisor of 12 and 170634?
6
What is the highest common divisor of 2600 and 31876?
52
Calculate the greatest common divisor of 735 and 123.
3
Calculate the highest common divisor of 2743 and 1482.
13
Calculate the greatest common factor of 1305 and 180.
45
Calculate the highest common factor of 22 and 255695.
11
What is the greatest common divisor of 5487979 and 266?
133
Calculate the highest common factor of 4075 and 80225.
25
What is the highest common factor of 614320 and 14?
14
What is the highest common divisor of 14012 and 620?
124
Calculate the greatest common divisor of 14 and 231322.
14
What is the highest common factor of 187 and 74393?
11
What is the greatest common divisor of 587574 and 1989?
117
What is the greatest common divisor of 76 and 8615284?
76
Calculate the highest common divisor of 198 and 30360.
66
What is the greatest common divisor of 508798 and 134?
134
Calculate the greatest common divisor of 4920 and 1080.
120
Calculate the highest common divisor of 15 and 333735.
15
Calculate the highest common factor of 474462 and 516.
258
Calculate the greatest common factor of 108 and 22590.
18
What is the highest common factor of 2750 and 18862250?
2750
Calculate the highest common divisor of 1033117 and 137.
137
Calculate the highest common divisor of 119 and 34306.
17
Calculate the highest common factor of 49005 and 20.
5
Calculate the highest common divisor of 6196 and 72.
4
What is the highest common divisor of 229450 and 455?
65
Calculate the highest common divisor of 38 and 50846.
2
Calculate the highest common divisor of 8857 and 153.
17
What is the greatest common factor of 1023 and 112995?
93
Calculate the greatest common factor of 276850 and 98.
98
Calculate the greatest common divisor of 95 and 21380.
5
What is the greatest common factor of 38 and 102619?
19
Calculate the highest common divisor of 5022 and 3087.
9
Calculate the greatest common divisor of 7488 and 8096.
32
What is the highest common factor of 69 and 805828?
23
What is the greatest common factor of 323358 and 252?
42
Calculate the greatest common factor of 70 and 6398.
14
What is the greatest common divisor of 100 and 4724?
4
Calculate the greatest common divisor of 27 and 879408.
9
What is the highest common factor of 64 and 404096?
64
Calculate the highest common divisor of 32436 and 63648.
612
What is the greatest common factor of 644 and 1071340?
92
What is the greatest common factor of 72 and 621?
9
What is the highest common factor of 801 and 12549?
267
Calculate the highest common factor of 246 and 972438.
246
Calculate the greatest common factor of 44416 and 11008.
128
What is the greatest common divisor of 2075 and 5395?
415
Calculate the greatest common divisor of 137344 and 333.
37
Calculate the greatest common factor of 276 and 9036.
12
What is the highest common factor of 58 and 37874?
58
Calculate the greatest common divisor of 67976 and 16.
8
What is the greatest common factor of 315954 and 12?
6
What is the highest common factor of 1930 and 17470?
10
Calculate the highest common factor of 1035910 and 10.
10
Calculate the greatest common factor of 43134 and 7.
7
Calculate the highest common divisor of 1828683 and 33642.
2403
Calculate the highest common factor of 6507 and 1409127.
723
Calculate the greatest common factor of 11396 and 703.
37
Calculate the highest common divisor of 1296 and 7992.
216
What is the highest common factor of 82 and 38?
2
What is the greatest common divisor of 660 and 22935?
165
What is the greatest common factor of 3255 and 903?
21
Calculate the greatest common factor of 6 and 184599.
3
Calculate the highest common factor of 50446 and 44.
22
What is the greatest common divisor of 4655 and 820211?
931
Calculate the highest common divisor of 81900 and 200.
100
What is the greatest common divisor of 20 and 784220?
20
What is the highest common factor of 6554 and 1334?
58
What is the highest common divisor of 1792 and 553?
7
What is the highest common factor of 800963 and 2149?
307
What is the highest common divisor of 191 and 89197?
191
Calculate the highest common factor of 520 and 648.
8
What is the highest common divisor of 3101328 and 27?
27
What is the greatest common divisor of 16402 and 590?
118
Calculate the highest common factor of 4427505 and 15.
15
Calculate the greatest common factor of 294 and 4944.
6
What is the greatest common divisor of 81938 and 106?
106
Calculate the greatest common factor of 22494 and 552.
138
Calculate the highest common factor of 1966 and 24575.
983
Calculate the greatest common divisor of 139 and 365431.
139
What is the greatest common factor of 5757 and 9393?
303
What is the highest common factor of 9614 and 14630?
418
Calculate the greatest common factor of 3908345 and 70.
35
Calculate the greatest common divisor of 36 and 2766.
6
Calculate the greatest common factor of 1439892 and 23.
23
Calculate the greatest common factor of 245 and 32110.
5
What is the greatest common divisor of 955751 and 82?
41
Calculate the greatest common divisor of 203 and 449819.
29
What is the highest common factor of 7519 and 2987?
103
Calculate the highest common factor of 708050 and 980.
490
What is the highest common factor of 56 and 127694?
14
What is the greatest common factor of 22883 and 343?
49
What is the greatest common divisor of 90 and 4005?
45
Calculate the greatest common divisor of 143 and 21281.
13
Calculate the greatest common divisor of 5750 and 55430.
230
What is the greatest common divisor of 12 and 17553?
3
Calculate the highest common divisor of 752 and 11233376.
752
Calculate the greatest common divisor of 36000 and 27680.
160
What is the greatest common factor of 38624 and 710?
142
What is the highest common divisor of 134583 and 5161?
397
Calculate the greatest common divisor of 42603 and 297.
33
What is the greatest common divisor of 48 and 722232?
24
What is the highest common factor of 410 and 230?
10
What is the highest common factor of 12152 and 138376?
392
What is the greatest common divisor of 51 and 287181?
51
What is the highest common divisor of 1325 and 318?
53
What is the greatest common divisor of 1080 and 5895?
45
Calculate the greatest common divisor of 284 and 530086.
142
Calculate the greatest common divisor of 10207 and 346.
173
What is the greatest common factor of 2739 and 16517?
83
Calculate the greatest common factor of 2475 and 9945.
45
Calculate the highest common divisor of 13104 and 1584.
144
Calculate the highest common divisor of 1323 and 168119.
49
What is the greatest common divisor of 1584 and 432?
144
Calculate the greatest common factor of 240 and 15690.
30
Calculate the greatest common factor of 266975 and 50.
25
What is the highest common factor of 52523 and 477?
53
Calculate the greatest common factor of 72386 and 1496.
34
What is the highest common factor of 10912 and 32953?
31
Calculate the highest common factor of 16733 and 609.
29
What is the highest common factor of 281868 and 348?
12
What is the highest common factor of 1626 and 3862834?
542
What is the highest common divisor of 4740 and 9060?
60
Calculate the highest common divisor of 23562 and 1836.
306
Calculate the highest common factor of 112 and 3345776.
112
Calculate the greatest common factor of 4746 and 48816.
678
Calculate the greatest common factor of 180266 and 5536.
346
Calculate the highest common factor of 121 and 14564.
11
Calculate the highest common factor of 46 and 37238.
2
What is the greatest common divisor of 11 and 811327?
11
Calculate the greatest common divisor of 232 and 947836.
116
Calculate the highest common divisor of 6 and 10992.
6
What is the greatest common divisor of 16 and 7672?
8
What is the greatest common divisor of 91236 and 20?
4
Calculate the greatest common factor of 61388 and 309.
103
Calculate the greatest common factor of 583 and 1507.
11
What is the greatest common factor of 1335 and 36615?
15
Calculate the highest common factor of 147 and 197946.
21
What is the greatest common divisor of 3230 and 34?
34
Calculate the greatest common divisor of 164578 and 2556.
142
Calculate the greatest common factor of 132 and 